{"id":280,"date":"2016-06-17T11:10:54","date_gmt":"2016-06-17T11:10:54","guid":{"rendered":"http:\/\/www.tramuntanaestudis.com\/?page_id=280"},"modified":"2016-06-17T11:10:54","modified_gmt":"2016-06-17T11:10:54","slug":"280-2","status":"publish","type":"page","link":"http:\/\/www.tramuntanaestudis.com\/es\/280-2\/","title":{"rendered":""},"content":{"rendered":"<p><img fetchpriority=\"high\" decoding=\"async\" class=\"wp-image-281 aligncenter\" src=\"http:\/\/www.tramuntanaestudis.com\/wp-content\/uploads\/2016\/06\/DSC_0851-1-2.jpg\" alt=\"DSC_0851-1\" width=\"916\" height=\"381\" srcset=\"http:\/\/www.tramuntanaestudis.com\/wp-content\/uploads\/2016\/06\/DSC_0851-1-2.jpg 4851w, http:\/\/www.tramuntanaestudis.com\/wp-content\/uploads\/2016\/06\/DSC_0851-1-2-300x125.jpg 300w, http:\/\/www.tramuntanaestudis.com\/wp-content\/uploads\/2016\/06\/DSC_0851-1-2-768x320.jpg 768w, http:\/\/www.tramuntanaestudis.com\/wp-content\/uploads\/2016\/06\/DSC_0851-1-2-1024x426.jpg 1024w, http:\/\/www.tramuntanaestudis.com\/wp-content\/uploads\/2016\/06\/DSC_0851-1-2-830x346.jpg 830w, http:\/\/www.tramuntanaestudis.com\/wp-content\/uploads\/2016\/06\/DSC_0851-1-2-230x96.jpg 230w, http:\/\/www.tramuntanaestudis.com\/wp-content\/uploads\/2016\/06\/DSC_0851-1-2-350x146.jpg 350w, http:\/\/www.tramuntanaestudis.com\/wp-content\/uploads\/2016\/06\/DSC_0851-1-2-480x200.jpg 480w\" sizes=\"(max-width: 916px) 100vw, 916px\" \/><\/p>\n<hr \/>\n<p><strong>JAUME GELABERT<\/strong><\/p>\n<p style=\"text-align: justify;\">Mi pasi\u00f3n por la m\u00fasica comenz\u00f3 muy peque\u00f1o.<\/p>\n<p style=\"text-align: justify;\">A los 3 a\u00f1os mis padres ya me apunto a m\u00fasica durante unos 5 a\u00f1os. Lo recuerdo como unos a\u00f1os de mucha diversi\u00f3n. M\u00e1s adelante, a los 10 a\u00f1os, empec\u00e9 clases de guitarra en la Factor\u00eda de Sonido. Con tan s\u00f3lo 14 a\u00f1os empec\u00e9 a interesarme por la m\u00fasica electr\u00f3nica y, un a\u00f1o despu\u00e9s, enlac\u00e9 una amistad con uno de los artistas del lugar donde resido, donde pude poner en pr\u00e1ctica y trabajar duro todos mis conocimientos. En esta misma \u00e9poca, emprenda a organizar eventos con su promotora.<\/p>\n<p style=\"text-align: justify;\">A los 18 a\u00f1os decid\u00ed estudiar y adentrarse mi vida hacia la industria musical en la escuela Microfusa como productor musical, comenzando as\u00ed una nueva carrera art\u00edstica en la ciudad condal, Barcelona. Durante estos a\u00f1os tuve la oportunidad de poder practicar mis conocimientos, colaborando como t\u00e9cnico de sonido en el \u00abMutek Festival Barcelona\u00bb, y poder viajar al Reino Unido a compartir proyectos musicales con otros estudiantes en la \u00abSolent University of Southampton\u00bb .<\/p>\n<p style=\"text-align: justify;\">A los 22 a\u00f1os, una vez terminados los estudios y devuelto a Mallorca -mi isla natal-, despu\u00e9s de haber trabajado una temporada, con mis ahorros y con ayuda familiar decide hacerlo construir y poner en marcha mi propio estudio de grabaci\u00f3n.<\/p>\n<p style=\"text-align: justify;\">Por lo tanto, actualmente estoy en un periodo en el que acabo de emprender mi negocio y mi carrera como productor musical.<\/p>\n<hr \/>\n<p>&nbsp;<\/p>\n<p>&nbsp;<\/p>\n<p>&nbsp;<\/p>\n","protected":false},"excerpt":{"rendered":"<p>JAUME GELABERT Mi pasi\u00f3n por la m\u00fasica comenz\u00f3 muy peque\u00f1o. A los 3 a\u00f1os mis padres ya me apunto a m\u00fasica durante unos 5 a\u00f1os. Lo recuerdo como unos a\u00f1os de mucha diversi\u00f3n. M\u00e1s adelante, a los 10 a\u00f1os, empec\u00e9 clases de guitarra en la Factor\u00eda de Sonido. Con tan s\u00f3lo 14 a\u00f1os empec\u00e9 a interesarme por la m\u00fasica electr\u00f3nica y, un a\u00f1o despu\u00e9s, enlac\u00e9 una amistad con uno de los artistas del lugar donde resido, donde pude poner en pr\u00e1ctica y trabajar duro todos mis conocimientos. En esta misma \u00e9poca, emprenda a organizar eventos con su promotora. A los 18 a\u00f1os decid\u00ed estudiar y adentrarse mi vida hacia la industria musical en la escuela Microfusa como productor musical, comenzando as\u00ed una nueva carrera art\u00edstica en la ciudad condal, Barcelona. Durante estos a\u00f1os tuve la oportunidad de poder practicar mis conocimientos, colaborando como t\u00e9cnico de sonido en el \u00abMutek Festival Barcelona\u00bb, y poder viajar al Reino Unido a compartir proyectos musicales con otros estudiantes en la \u00abSolent University of Southampton\u00bb . A los 22 a\u00f1os, una vez terminados los estudios y devuelto a Mallorca -mi isla natal-, despu\u00e9s de haber trabajado una temporada, con mis ahorros y con ayuda familiar [&hellip;]<\/p>\n","protected":false},"author":1,"featured_media":0,"parent":0,"menu_order":0,"comment_status":"closed","ping_status":"closed","template":"","meta":{"footnotes":""},"class_list":["post-280","page","type-page","status-publish","hentry"],"_links":{"self":[{"href":"http:\/\/www.tramuntanaestudis.com\/es\/wp-json\/wp\/v2\/pages\/280","targetHints":{"allow":["GET"]}}],"collection":[{"href":"http:\/\/www.tramuntanaestudis.com\/es\/wp-json\/wp\/v2\/pages"}],"about":[{"href":"http:\/\/www.tramuntanaestudis.com\/es\/wp-json\/wp\/v2\/types\/page"}],"author":[{"embeddable":true,"href":"http:\/\/www.tramuntanaestudis.com\/es\/wp-json\/wp\/v2\/users\/1"}],"replies":[{"embeddable":true,"href":"http:\/\/www.tramuntanaestudis.com\/es\/wp-json\/wp\/v2\/comments?post=280"}],"version-history":[{"count":3,"href":"http:\/\/www.tramuntanaestudis.com\/es\/wp-json\/wp\/v2\/pages\/280\/revisions"}],"predecessor-version":[{"id":284,"href":"http:\/\/www.tramuntanaestudis.com\/es\/wp-json\/wp\/v2\/pages\/280\/revisions\/284"}],"wp:attachment":[{"href":"http:\/\/www.tramuntanaestudis.com\/es\/wp-json\/wp\/v2\/media?parent=280"}],"curies":[{"name":"wp","href":"https:\/\/api.w.org\/{rel}","templated":true}]}}

<p><img fetchpriority="high" decoding="async" class="wp-image-281 aligncenter" src="http://www.tramuntanaestudis.com/wp-content/uploads/2016/06/DSC_0851-1-2.jpg" alt="DSC_0851-1" width="916" height="381" srcset="http://www.tramuntanaestudis.com/wp-content/uploads/2016/06/DSC_0851-1-2.jpg 4851w, http://www.tramuntanaestudis.com/wp-content/uploads/2016/06/DSC_0851-1-2-300x125.jpg 300w, http://www.tramuntanaestudis.com/wp-content/uploads/2016/06/DSC_0851-1-2-768x320.jpg 768w, http://www.tramuntanaestudis.com/wp-content/uploads/2016/06/DSC_0851-1-2-1024x426.jpg 1024w, http://www.tramuntanaestudis.com/wp-content/uploads/2016/06/DSC_0851-1-2-830x346.jpg 830w, http://www.tramuntanaestudis.com/wp-content/uploads/2016/06/DSC_0851-1-2-230x96.jpg 230w, http://www.tramuntanaestudis.com/wp-content/uploads/2016/06/DSC_0851-1-2-350x146.jpg 350w, http://www.tramuntanaestudis.com/wp-content/uploads/2016/06/DSC_0851-1-2-480x200.jpg 480w" sizes="(max-width: 916px) 100vw, 916px" /></p>
<hr />
<p><strong>JAUME GELABERT</strong></p>
<p style="text-align: justify;">Mi pasión por la música comenzó muy pequeño.</p>
<p style="text-align: justify;">A los 3 años mis padres ya me apunto a música durante unos 5 años. Lo recuerdo como unos años de mucha diversión. Más adelante, a los 10 años, empecé clases de guitarra en la Factoría de Sonido. Con tan sólo 14 años empecé a interesarme por la música electrónica y, un año después, enlacé una amistad con uno de los artistas del lugar donde resido, donde pude poner en práctica y trabajar duro todos mis conocimientos. En esta misma época, emprenda a organizar eventos con su promotora.</p>
<p style="text-align: justify;">A los 18 años decidí estudiar y adentrarse mi vida hacia la industria musical en la escuela Microfusa como productor musical, comenzando así una nueva carrera artística en la ciudad condal, Barcelona. Durante estos años tuve la oportunidad de poder practicar mis conocimientos, colaborando como técnico de sonido en el «Mutek Festival Barcelona», y poder viajar al Reino Unido a compartir proyectos musicales con otros estudiantes en la «Solent University of Southampton» .</p>
<p style="text-align: justify;">A los 22 años, una vez terminados los estudios y devuelto a Mallorca -mi isla natal-, después de haber trabajado una temporada, con mis ahorros y con ayuda familiar decide hacerlo construir y poner en marcha mi propio estudio de grabación.</p>
<p style="text-align: justify;">Por lo tanto, actualmente estoy en un periodo en el que acabo de emprender mi negocio y mi carrera como productor musical.</p>
<hr />
<p>&nbsp;</p>
<p>&nbsp;</p>
<p>&nbsp;</p>

<p>JAUME GELABERT Mi pasión por la música comenzó muy pequeño. A los 3 años mis padres ya me apunto a música durante unos 5 años. Lo recuerdo como unos años de mucha diversión. Más adelante, a los 10 años, empecé clases de guitarra en la Factoría de Sonido. Con tan sólo 14 años empecé a interesarme por la música electrónica y, un año después, enlacé una amistad con uno de los artistas del lugar donde resido, donde pude poner en práctica y trabajar duro todos mis conocimientos. En esta misma época, emprenda a organizar eventos con su promotora. A los 18 años decidí estudiar y adentrarse mi vida hacia la industria musical en la escuela Microfusa como productor musical, comenzando así una nueva carrera artística en la ciudad condal, Barcelona. Durante estos años tuve la oportunidad de poder practicar mis conocimientos, colaborando como técnico de sonido en el «Mutek Festival Barcelona», y poder viajar al Reino Unido a compartir proyectos musicales con otros estudiantes en la «Solent University of Southampton» . A los 22 años, una vez terminados los estudios y devuelto a Mallorca -mi isla natal-, después de haber trabajado una temporada, con mis ahorros y con ayuda familiar [&hellip;]</p>
